Let q(j) = j**3 - 7*j**2 + 13*j - 11. Suppose y + 4*s + 15 = 0, -29*s + 30*s = y - 10. Determine q(y).
4
Let f(m) = -5*m + 177. Let w be f(-22). Let k(o) = 3*o**2 - 98*o - 97*o + w*o - 93*o + o**3. Calculate k(-4).
-12
Suppose 5*w = 14*w + 63. Let l(s) = 3*s + 16. Let y(a) = a + 5. Let q(b) = w*y(b) + 2*l(b). Let o be (-58)/12 + (-3)/18. Determine q(o).
2
Let r(n) = 4*n - 1. Let w(a) = -a - 1. Let u(s) = -2*r(s) - 10*w(s). Let q(g) = 36*g**3 - 367*g**2 + 50*g + 198. Let c be q(10). Give u(c).
8
Let m(i) = -6*i - 3. Let p(x) = 3 - 5 - 9 - 2 + 14*x - 2*x - x**2. Let y be p(10). Determine m(y).
-45
Let s(j) = -j**2 - 4. Let d(p) = 4*p**2 + 17. Let m(y) = -2*d(y) - 9*s(y). Suppose 0*t + 3*t = 15. Suppose -3*b = -t*g, 0 = -g - 0*b - b. Calculate m(g).
2
Let m be 0*-3*(-7)/(-21). Let q be (10/(-4))/((-7)/(-14) - m). Let h(r) = r**3 + 4*r**2 - 6*r - 8. Give h(q).
-3
Let z(k) = -8*k**2 - 65*k + 163*k - 52*k - 1 - k**3 - 53*k. Calculate z(-7).
-1
Let o(y) be the third derivative of -y**4/8 - y**3 + 4*y**2 - 291*y - 1. Let w be ((-1)/(-2))/(1/(-8)). Give o(w).
6
Let r = -3947 - -3947. Let z(l) be the third derivative of r + 0*l - 1/6*l**3 + 9*l**2 - 1/24*l**4. Determine z(0).
-1
Let a(n) be the second derivative of -17*n**3/6 - 133*n**2/2 + 3421*n. Give a(-7).
-14
Let p(c) = -c**3 + 16*c**2 + 7*c - 20. Let f be p(15). Suppose 4*o - 5*l = -0*l + 211, 3*l - f = -5*o. Let h = o - 63. Let i(b) = -b + 1. What is i(h)?
5
Let u(j) = 5*j**2 - j + 17. Let i(n) = 3*n**2 + 8. Let v(f) = 7*i(f) - 4*u(f). Suppose -4058*z + 1 = -5*p - 4055*z, -p - 3*z - 29 = 0. Determine v(p).
-7
Let z(p) = -95 + 3646*p - 1834*p - 1822*p. Determine z(-10).
5
Suppose 5*t = -5*q + 145, q + 0*t - 13 = 3*t. Suppose 22*d + 30 = q*d. Let u(j) = j**3 - 9*j**2 - 7*j - 24. What is u(d)?
6
Suppose 0 = -4*b + 5*t + 79, 32 = 5*b - 4*t - 69. Suppose 5*l + 5 = w + b, 0 = 4*w + l - 41. Suppose i = w - 18. Let h(o) = -o - 18. Give h(i).
-9
Let b be (640/(-5 + 1))/(-1). Suppose -10*w = -26*w + b. Let x(d) = d - 7. Determine x(w).
3
Let q(p) = 59*p**2 - 19*p - 14. Let m(n) = -25*n**2 + 10*n + 7. Let y(t) = -7*m(t) - 3*q(t). Determine y(-9).
-52
Let x(z) = -8*z**2 + z - 1. Let m = 31 - 18. Let g(h) = -17 + 5 + m - h. Let q be g(0). Determine x(q).
-8
Let p be 0*((-20)/15)/4. Suppose p = j - 5. Let t(f) be the third derivative of f**5/60 - 5*f**4/24 - 2*f**3/3 - 10*f**2. Give t(j).
-4
Let y(v) = v - 4. Suppose 149*d + 230 - 826 = 0. Calculate y(d).
0
Let x(k) be the first derivative of -k**4/2 + 8*k**3 - 8*k**2 + 18*k + 267. What is x(11)?
84
Let b = -445 + 433. Let z(t) be the first derivative of -t**2/2 - 5*t + 96. What is z(b)?
7
Let x(g) = -g**2 - 3*g - 10. Let k = 6404 - 6407. Calculate x(k).
-10
Let k(z) = -2*z**2 - 2*z. Let d = -184 - -183. Let l(y) = 3*y**2 + 7*y + 4. Let c(i) = d*k(i) - l(i). Calculate c(-4).
0
Let j(o) = o**3 + 4*o**2 - 4*o - 1. Let d be (-3*4/(-36))/(3/45). Suppose -4*s - 25 = d*m, -s + 2*s + m + 6 = 0. Determine j(s).
-6
Let c(b) = -243148 - 3*b - 3*b - 4*b + 3*b**2 + 3*b + 243151. Give c(5).
43
Let o(i) be the third derivative of 3*i**6/40 + i**5/60 - i**4/3 - 5*i**3/3 + 910*i**2 + i. Give o(-1).
-10
Suppose 107 = 5*c + 102. Let x(k) = -c - 5*k**2 + 3*k**3 + 4*k - 2 - 5*k**3 + 3*k**3. Determine x(4).
-3
Suppose 172 = -9*c + 703. Suppose -2*o - 55 = -c. Let m(s) = 2*s - 1 + 2*s**2 - 2*s**3 + 5*s**3 - 4*s**3. Give m(o).
3
Let s(p) = p**2 - 4*p - 6. Let x be -4 + ((-7)/5)/(3/(-15)). Suppose -x*d = -8*d - 80. Let n be (0 + (-15)/12)/(4/d). Determine s(n).
-1
Let h(t) = 10*t**3 - 4*t**2 - 3*t + 1. Let u(m) = 9*m**3 - 5*m**2 - 2. Let i(v) = 8*h(v) - 9*u(v). What is i(11)?
4
Let t(r) be the third derivative of r**5/60 + 13*r**4/24 - 4*r**3 + 4847*r**2. Calculate t(-16).
24
Suppose 0 = 94*w + 703 + 49. Let r(c) = -2*c + 14. Calculate r(w).
30
Suppose -2*i - 23 = 5*g, -5*i - 12*g = -17*g + 40. Let m(w) = w**2 + 10*w + 16. Determine m(i).
7
Let i(h) = -2*h**2 - 14*h + 10. Suppose 5*p = 3*b + 150, 5*b - 39 - 21 = -2*p. Let v be 120/(p/5)*(-2)/5. Determine i(v).
-6
Let h(q) = 7*q**3 - 36*q**2 + 39*q. Let l(b) = -4*b**3 + 17*b**2 - 19*b - 1. Let c = 572 - 569. Let w(a) = c*h(a) + 5*l(a). Determine w(22).
-5
Let x(f) = -12*f - 3. Let s be x(-2). Let r = -243 - -283. Let a(j) = r - 20 - 3*j - s. Give a(-1).
2
Let y(n) = 7*n + 73. Let a(u) = -6*u - 69. Let x(t) = 4*a(t) + 3*y(t). Calculate x(-21).
6
Let q(l) be the first derivative of 2*l**3 - 3*l**2/2 - 5*l - 3629. Calculate q(-2).
25
Let o(b) be the second derivative of b**5/20 - 3*b**4/4 - 13*b**3/6 + 23*b**2/2 - 477*b. Determine o(10).
-7
Let p(o) = o**3 + o**2 + 8*o - 2. Let n = 20075 + -20075. What is p(n)?
-2
Suppose d = 6*d. Let m(a) be the first derivative of -5*a + 1/2*a**2 - 93 - 1/3*a**3. Give m(d).
-5
Let l(m) = -9*m - 614. Let s be l(-67). Let o(c) = -c + 6. Calculate o(s).
17
Suppose 0*p = -3*p - 4*y + 513, -y + 3 = 0. Let b = p - 162. Let r(m) = -4*m - 4. Calculate r(b).
-24
Suppose -5*z - o - 10 = 0, 3*z = 5*o - 1 + 23. Let c be (-12)/(-8) + z/(-2). Let v(u) = 14*u**2 - 4*u**2 + 1 - 2*u + 0*u**3 - 9*u**2 - c*u**3. What is v(1)?
-2
Let s(k) = 14*k**2 - 4*k**2 - 11*k**2 + 277 - 264 - 11*k. Give s(-7).
41
Let r = -15223 + 15230. Let u(t) = 15*t - 99. Calculate u(r).
6
Let d(x) be the third derivative of -x**7/2520 + x**6/240 - 11*x**5/30 - x**2 - 27. Let r(p) be the third derivative of d(p). What is r(-5)?
13
Let z(f) = f**3 + 4*f**2 - 7*f - 3. Let y(m) = 28*m - 13. Let j be y(7). Suppose -184*i = -j*i + 5. Calculate z(i).
7
Suppose -5*l - 91 + 186 = 0. Suppose w + 5*v + 22 = 0, -5*w = -l*v + 17*v + 29. Let d(r) = -r**3 - 8*r**2 - 3*r - 5. What is d(w)?
-33
Let n(o) = 3*o**2 - 2*o + 1. Let h(l) = -3*l**2 + 27*l + 226. Let k(u) = -h(u) - 2*n(u). Let w(q) be the first derivative of k(q). What is w(-5)?
7
Let v be (-5 + (-57)/(-6))*32/6. Suppose 2*f - 4*m - 4 = f, 4*f = -4*m - v. Let b(k) = -k**2 - 4*k + 1. Calculate b(f).
1
Let p(o) = -4*o + o**3 - 10*o**2 - 2*o + 362 - o + 3*o**2 - 359. What is p(8)?
11
Let i(v) be the first derivative of -v**4/4 + v**3 + v**2/2 - 7*v - 23. Let a be i(3). Let c be (a/5)/(2/10*-1). Let z(b) = -b + 7. What is z(c)?
3
Let v(h) = -41*h**3 + 89*h**2 + 99*h + 35. Let s(q) = 5*q**3 - 11*q**2 - 12*q - 4. Let r(l) = -33*s(l) - 4*v(l). Suppose 13 + 1 = 2*x. Determine r(x).
-8
Let h(o) = -11*o + 298. Suppose 47*t + 170 = 1439. Give h(t).
1
Let y(l) be the second derivative of 3/2*l**3 - 2*l - 6*l**2 + 19 + 1/12*l**4. What is y(-10)?
-2
Let g be (14 - 11)/((-6)/112). Let d = -46 - g. Let y(w) = d*w - 7*w - 2*w + 13. Give y(-7).
6
Let r(n) = 399*n + 12. Let h(i) = -196*i - 1. Let k(b) = 2*h(b) + r(b). What is k(4)?
38
Let l(y) = y**2 - 7*y + 8. Suppose x + 4*d = 21, -23*x + 8 = -19*x - 3*d. Calculate l(x).
-2
Let i be 960/180*(-12)/(-8). Let r(p) = 46*p - 372. Give r(i).
-4
Let f(c) = -11 - 18520*c + 9255*c + 9264*c. Calculate f(5).
-16
Let a(r) = r + 6. Let m = 10193 - 10193. What is a(m)?
6
Let d(b) = 22*b - 40. Let r(k) = 82*k - 158. Let i(l) = 15*d(l) - 4*r(l). What is i(-8)?
16
Let m(h) = -4*h**2 - 147*h + 9. Let s be m(-37). Let d(o) = o**3 + 29*o**2 + 28*o - 8. Determine d(s).
-8
Let l = 0 - -7. Let d(g) be the second derivative of g**5/20 - g**4/2 - 4*g**3/3 + 5*g**2/2 - 10*g - 35. Calculate d(l).
-2
Let s(i) = i**2 - i. Let y be s(1). Suppose y = -2*l + l. Let j(w) = 8*w - 1. Let h(v) = 13*v - 3. Let p(a) = 3*h(a) - 5*j(a). Give p(l).
-4
Let w(b) = 5*b**2 - b - 22. Let n(d) = -4*d**2 + 4*d + 24. Let r(l) = 4*n(l) + 3*w(l). What is r(15)?
0
Let y = 227 + -225. Let j(a) = -a**2 + 8*a**2 - a**3 - 11*a + 10 - 4 + 0*a**y. Give j(4).
10
Let q = 9 + -9. Let x = q - -4. Let l(m) = 429*m + 0 - 1290*m + 2 + 430*m + 430*m. Calculate l(x).
-2
Let p be 2 + -5 + 4 + (9 - -1). Let x be p + -2 - (2 - (-4 - -6)). Suppose x = -3*a - 5*r, 0*r = -2*r. Let l(j) = 2*j**3 + 4*j**2 + 4*j + 3. Determine l(a).
-27
Let f(c) = -c**2 - c + 6. Let j(h) = 5*h**2 + 2*h - 5. Let r be j(-4). Let b = 63 - r. Let k be f(b). Let p(n) = -n - 3. What is p(k)?
3
Suppose a = -2*t - 18 + 33, -2*a = -2*t. Let n(h) = -a*h + 35 + 36 + 6*h**2 - 66 - h**3. Suppose 5*f + 4*q - 4 = f, -2*f - 3*q - 1 = 0. Calculate n(f).
17
Let s(z) = -7*z**2 - z. Let k(h) = -13*h**2 + 196*h - 16. Let r be k(15). Give s(r).
-6
Let g be (-118)/(-4) - (91/(-14